{"id":664,"date":"2024-04-08T23:54:25","date_gmt":"2024-04-08T23:54:25","guid":{"rendered":"https:\/\/bafrapidecoskunkuru.com\/?post_type=product&#038;p=664"},"modified":"2026-02-23T14:24:32","modified_gmt":"2026-02-23T14:24:32","slug":"sicak-cevizli-baklava-tahinli","status":"publish","type":"product","link":"https:\/\/bafrapidecoskunkuru.com\/index.php\/product\/sicak-cevizli-baklava-tahinli\/","title":{"rendered":"SICAK CEV\u0130ZL\u0130 BAKLAVA ( TAH\u0130NL\u0130 )"},"content":{"rendered":"<p>\u00c7ift F\u0131r\u0131nlanm\u0131\u015f Cevizli Tahinli Baklava<\/p>\n","protected":false},"excerpt":{"rendered":"<p>\u00c7ift F\u0131r\u0131nlanm\u0131\u015f Cevizli Tahinli Baklava<\/p>\n","protected":false},"featured_media":667,"comment_status":"closed","ping_status":"closed","template":"","meta":[],"product_cat":[28],"product_tag":[],"class_list":["post-664","product","type-product","status-publish","has-post-thumbnail","hentry","product_cat-tatlilar"],"acf":[],"_links":{"self":[{"href":"https:\/\/bafrapidecoskunkuru.com\/index.php\/wp-json\/wp\/v2\/product\/664","targetHints":{"allow":["GET"]}}],"collection":[{"href":"https:\/\/bafrapidecoskunkuru.com\/index.php\/wp-json\/wp\/v2\/product"}],"about":[{"href":"https:\/\/bafrapidecoskunkuru.com\/index.php\/wp-json\/wp\/v2\/types\/product"}],"replies":[{"embeddable":true,"href":"https:\/\/bafrapidecoskunkuru.com\/index.php\/wp-json\/wp\/v2\/comments?post=664"}],"wp:featuredmedia":[{"embeddable":true,"href":"https:\/\/bafrapidecoskunkuru.com\/index.php\/wp-json\/wp\/v2\/media\/667"}],"wp:attachment":[{"href":"https:\/\/bafrapidecoskunkuru.com\/index.php\/wp-json\/wp\/v2\/media?parent=664"}],"wp:term":[{"taxonomy":"product_cat","embeddable":true,"href":"https:\/\/bafrapidecoskunkuru.com\/index.php\/wp-json\/wp\/v2\/product_cat?post=664"},{"taxonomy":"product_tag","embeddable":true,"href":"https:\/\/bafrapidecoskunkuru.com\/index.php\/wp-json\/wp\/v2\/product_tag?post=664"}],"curies":[{"name":"wp","href":"https:\/\/api.w.org\/{rel}","templated":true}]}}