{"id":875,"date":"2026-03-10T12:37:20","date_gmt":"2026-03-10T12:37:20","guid":{"rendered":"https:\/\/bafrapidecoskunkuru.com\/?post_type=product&#038;p=875"},"modified":"2026-03-11T11:17:22","modified_gmt":"2026-03-11T11:17:22","slug":"dana-sucuk","status":"publish","type":"product","link":"https:\/\/bafrapidecoskunkuru.com\/index.php\/product\/dana-sucuk\/","title":{"rendered":"DANA SUCUK"},"content":{"rendered":"<p>\u00d6zenle se\u00e7ilmi\u015f %100 dana etinden \u00fcretilen dana sucu\u011fumuz, geleneksel baharat kar\u0131\u015f\u0131m\u0131yla haz\u0131rlanarak do\u011fal y\u00f6ntemlerle fermente edilir. Kendine \u00f6zg\u00fc aromas\u0131, yo\u011fun lezzeti ve dengeli baharat oran\u0131yla kahvalt\u0131lardan yemeklere kadar bir\u00e7ok tarifte m\u00fckemmel bir tat sunar. Hijyenik ko\u015fullarda \u00fcretilip paketlenen \u00fcr\u00fcn\u00fcm\u00fcz, tazeli\u011fini ve lezzetini uzun s\u00fcre korur.<\/p>\n","protected":false},"excerpt":{"rendered":"<p>\u00d6zenle se\u00e7ilmi\u015f %100 dana etinden \u00fcretilen dana sucu\u011fumuz, geleneksel baharat kar\u0131\u015f\u0131m\u0131yla haz\u0131rlanarak do\u011fal y\u00f6ntemlerle fermente edilir. Kendine \u00f6zg\u00fc aromas\u0131, yo\u011fun lezzeti ve dengeli baharat oran\u0131yla kahvalt\u0131lardan yemeklere kadar bir\u00e7ok tarifte m\u00fckemmel bir tat sunar. Hijyenik ko\u015fullarda \u00fcretilip paketlenen \u00fcr\u00fcn\u00fcm\u00fcz, tazeli\u011fini ve lezzetini uzun s\u00fcre korur.<\/p>\n","protected":false},"featured_media":925,"comment_status":"open","ping_status":"closed","template":"","meta":[],"product_cat":[29],"product_tag":[],"class_list":["post-875","product","type-product","status-publish","has-post-thumbnail","hentry","product_cat-yoresel-urunler"],"acf":[],"_links":{"self":[{"href":"https:\/\/bafrapidecoskunkuru.com\/index.php\/wp-json\/wp\/v2\/product\/875","targetHints":{"allow":["GET"]}}],"collection":[{"href":"https:\/\/bafrapidecoskunkuru.com\/index.php\/wp-json\/wp\/v2\/product"}],"about":[{"href":"https:\/\/bafrapidecoskunkuru.com\/index.php\/wp-json\/wp\/v2\/types\/product"}],"replies":[{"embeddable":true,"href":"https:\/\/bafrapidecoskunkuru.com\/index.php\/wp-json\/wp\/v2\/comments?post=875"}],"wp:featuredmedia":[{"embeddable":true,"href":"https:\/\/bafrapidecoskunkuru.com\/index.php\/wp-json\/wp\/v2\/media\/925"}],"wp:attachment":[{"href":"https:\/\/bafrapidecoskunkuru.com\/index.php\/wp-json\/wp\/v2\/media?parent=875"}],"wp:term":[{"taxonomy":"product_cat","embeddable":true,"href":"https:\/\/bafrapidecoskunkuru.com\/index.php\/wp-json\/wp\/v2\/product_cat?post=875"},{"taxonomy":"product_tag","embeddable":true,"href":"https:\/\/bafrapidecoskunkuru.com\/index.php\/wp-json\/wp\/v2\/product_tag?post=875"}],"curies":[{"name":"wp","href":"https:\/\/api.w.org\/{rel}","templated":true}]}}